00*o + 201*o + 1 - w. Determine j(6).
2
Let s(c) = c + 15. Let p be (-69)/4 - (-7)/(-168)*18. Give s(p).
-3
Let c(h) = -7 - 7*h - 9 - 11 + 18. Calculate c(-2).
5
Let p(y) = -y**2 + 5*y + 2. Let w(o) = -6*o**2 + 26*o + 5. Let j(a) = -4*p(a) + w(a). What is j(6)?
-39
Let l(v) = v**3 - 7*v**2 + 8*v - 5. Let a(o) = 3*o + 18. Let f be a(-6). Let t be 9 + -2 + f + -1. Determine l(t).
7
Let w(h) be the third derivative of h**5/30 + 5*h**4/24 + h**3/3 - 2*h**2. Suppose -283 = -5*i - 18. Let y = 50 - i. Give w(y).
5
Let h(c) = 5*c - 14*c + 4*c - c**2 + 2*c. Let d = -11 - -7. Give h(d).
-4
Let k(i) = -7*i - 18*i**2 + 5*i**2 + 6*i + 7*i**2 + 0*i**2. Suppose 5*a = 25, -5*b + 3*a + a - 15 = 0. What is k(b)?
-7
Let k(j) = -j**3 + 6*j**2 - 3*j + 9. Let d(s) = s**3 + s**2 + s. Let m(a) = 2*d(a) + k(a). Give m(-8).
17
Let s(m) be the third derivative of m**5/120 + m**4/8 + 5*m**3/6 - 10*m**2. Let n(d) be the first derivative of s(d). Suppose z = -0*z + 3. What is n(z)?
6
Let v(a) = 0*a - 1 - 3*a**2 - 5 + 3 - 4*a. Let h = 16 - 15. Let j = h - 3. Calculate v(j).
-7
Let d(a) = 3*a + 4 - 7 - 2*a - 5 + 5. Determine d(-6).
-9
Let f(t) = -4 + 4*t - 8 + 19 - t**2 - 5 - 9. Suppose 0 = 5*y - y - 8, 0 = -4*w - 3*y + 26. Determine f(w).
-12
Suppose 4 = -f + 1. Let u be f*(-1 - 5/(-3)). Let r(t) = 1843*t + 2*t**2 + 2 - 1843*t. Calculate r(u).
10
Let i be ((-1 + 1)/1)/(-1). Suppose j - 6 = -4, -2*f + 10 = 3*j. Suppose i = -3*m - 2*t + 15 + 1, -4*m - f*t = -18. Let n(p) = -4*p + 3. Give n(m).
-5
Let z(o) = -o + 16. Let a(m) = -m**3 + 11*m**2 - 17*m + 10. Let r be a(9). Give z(r).
-3
Suppose 23 + 22 = -15*b. Let x(h) = -h - 1. Let o = 4 + -3. Let w(g) = g**2 - g - 2. Let p(v) = o*w(v) - 4*x(v). Determine p(b).
2
Let w(s) = 15*s**3 - s. Let z(b) = b + 15. Let h be z(-12). Let c be (1 - (-2 - -2)) + 0/h. What is w(c)?
14
Let j(i) be the second derivative of -i**3/6 + 13*i**2/2 + 6*i. Let t be j(8). Suppose -6*s = -s - t. Let x(c) = 5*c**2. Determine x(s).
5
Let v(i) = -i**2 - i + 3. Let t(k) = -18*k**2 + 111*k - 12. Let s be t(6). Calculate v(s).
-39
Suppose -22 = 3*l - 58. Suppose 3*f - l = 0, 0 = -3*g - 3*f - 6 + 3. Let r(h) = -h**3 - 5*h**2 + h + 3. Determine r(g).
-2
Let f(j) = 9*j**2 - 5*j - 9. Let v(t) = -20*t**2 + 11*t + 20. Let k(a) = -9*f(a) - 4*v(a). Suppose 0*s - s - 3*d - 10 = 0, -3*s - 2*d - 2 = 0. Calculate k(s).
-1
Let z(d) = -d**2 - 8*d - 8. Suppose -2*y + 2*o + 5 = o, 0 = -4*y + o + 11. Suppose 7*a = y*a - 24. What is z(a)?
4
Let d = 1 + -2. Let i be 3 + d - (1 - 0). Let a(j) = i + 2*j - 3*j + 2*j. What is a(-4)?
-3
Let b be (-14)/(-49) - (-6)/(-21). Suppose p + n - 3 = -4*n, b = 2*p - n - 6. Let z(a) = -2*a - 1. Calculate z(p).
-7
Let x(v) = v**2 - 2*v**2 + 0*v + 22 - 4*v - 3. Let w be x(-7). Let k(r) = -1 + 2 + 0 + r. Calculate k(w).
-1
Let q(p) be the third derivative of 7*p**4/24 + 14*p**3/3 + 244*p**2. Determine q(-5).
-7
Let t(g) = g + 2. Suppose 2 - 13 = 11*z. Let p(f) = 19*f - 9. Let b(m) = z*p(m) - 5*t(m). Determine b(-1).
23
Let t(o) = o**2 + 5 - 9*o + 1 + 1. Let x = 1204 - 1197. Give t(x).
-7
Let d(b) be the first derivative of -3*b**2/2 - 22*b + 224. Determine d(-9).
5
Let r(g) = -12*g**2 + 2*g + 1. Suppose 109*b + 17 = 92*b. What is r(b)?
-13
Let l(g) = 2*g. Let m be l(3). Let i(y) be the third derivative of y**4/24 - 2*y**3 + 3*y**2 - 49. Give i(m).
-6
Suppose 5*h - 10 = -0. Let o(z) = -z**3 + z**2 + z. Let w(j) = -4*j**3 + 2*j**2 + 2*j + 1. Let y(l) = h*o(l) - w(l). Calculate y(-1).
-3
Let p = 7 + -11. Suppose 5 = -2*s + 3*s. Let w(a) = 0*a**3 + s + a**3 - 2*a**3 - 2 - 4*a**2. Give w(p).
3
Let x(s) = -s**2 - 2 + 2. Let n = -4899 + 4900. Determine x(n).
-1
Let c(z) = -z**2 + 11*z + 6. Let g(h) = 3*h**2 + 3*h - 6. Let x be g(2). Give c(x).
-6
Let z = -7 + 10. Suppose 5*q = z*q - 10. Let t(i) = i**2 + 2*i + 6. Let m(h) = -h. Let j(y) = -5*m(y) + t(y). Determine j(q).
-4
Let q(d) = d**3 + d**2 - 6*d + 4. Let b be q(-3). Let h(x) be the second derivative of 2*x + 3/2*x**2 + 1/6*x**3 + 0. Calculate h(b).
7
Let z(x) be the third derivative of x**2 + 1/120*x**6 + 1/6*x**4 + 7/60*x**5 - 1/6*x**3 + 0 + 0*x. Calculate z(-6).
11
Suppose -a = 2*b - 1, -b - 2*a - 1 = -3. Let w(z) = -z**2 - z + 19. What is w(b)?
19
Suppose k - 4*k - 12 = 0. Let v(a) = -3*a**3 + 5*a**2 - 1. Let u(w) = -4*w**3 + 5*w**2 - w - 2. Let x(n) = k*u(n) + 5*v(n). Give x(-4).
3
Let w(h) = -4 + 19*h - 14*h - 2*h - 25*h - 7*h. Give w(-1).
25
Let p(t) = 70*t - 203*t + 67*t + 4 + 65*t. Calculate p(9).
-5
Let b(z) be the third derivative of -z**5/12 - z**4/24 + 153*z**2 - 1. Let d be -1 - 0 - (-4)/2. Determine b(d).
-6
Suppose 0 = -3*c - 4*m - 13, 2*c - 17 = c + 4*m. Let o(a) = -a - 2*a**3 + 3*a**3 + 10 - c. Give o(0).
9
Let v(p) = -2*p**2 + 10*p + 14. Let y be v(6). Let u(z) = -z**y + 45*z - 87*z + 47*z - 2. Determine u(6).
-8
Let h(m) = -24*m + 27. Let o(v) = 83*v - 82. Let t(c) = -7*h(c) - 2*o(c). Give t(10).
-5
Let m = -297 + 306. Let b(w) = -3*w + 21. Calculate b(m).
-6
Suppose 128 = -8*u + 12*u. Let m be (24/u)/(6/16). Suppose 6 = 2*a - 4*f, 3*a = 2*f + 11 + m. Let g(x) = x**3 - 5*x**2 + 3*x - 4. Determine g(a).
11
Let j(l) = l + 6. Let m = 117 - 100. Let f(c) = c - 23. Let d be f(m). Give j(d).
0
Let b(y) = -y**2 - 9*y - 4. Let n be b(-7). Let s be (2/(-2))/(2/n). Let g(z) = z + 3. Give g(s).
-2
Suppose -p + 28 = -5*i, 3*i - 275 = -5*p + i. Let o = p + -56. Let z(y) = y**3 - 3*y - 2. Give z(o).
-20
Let o(t) = -t - 4. Let m be o(-4). Let r(c) = -22*c + 0 - 2 - c**2 + m + 17*c. Let s(g) = -g**3 + 6*g**2 - 6*g. Let f be s(5). Determine r(f).
-2
Let u(d) = -d + 16. Let b(y) = 36*y - 27. Let z be b(1). Give u(z).
7
Let y(w) = w**2 - 6*w - 4. Let s be (-92)/(-20) - 6/10. Calculate y(s).
-12
Let v(m) = m**3 - m**2 - 10*m. Let s(y) = y**3 - 11*y - 1. Let t(x) = 3*s(x) - 4*v(x). Suppose 3*k - c = 15, -7*k + 4*k - 2*c = -15. Determine t(k).
7
Suppose -14*f = -4*f - 60. Let d = 1 - -1. Suppose f = -2*s - d. Let p(k) = -k - 3. Give p(s).
1
Let o(b) = -13*b. Let q(n) = 67*n + 1. Let s(j) = 11*o(j) + 2*q(j). Determine s(3).
-25
Let d(s) be the second derivative of -2*s**3/3 - s**2/2 - s. Let f(u) = -3*u**2. Let y be f(-1). Give d(y).
11
Let x(n) = -17*n - 5*n + n + 10*n + 8*n - 14. Calculate x(-11).
19
Let m be -5 + 2 - 2 - -13. Suppose 5*h - m = -23. Let f(l) = -6*l + 1. What is f(h)?
19
Let z(l) = 2*l**2 - 4*l + 10. Let s(i) = 5*i**2 - 12*i + 28. Let t(d) = -3*s(d) + 8*z(d). Calculate t(3).
17
Let v be 1/(2 - (-3)/(-2)). Let h(k) = -1 + 0 - k + 4*k + 3 + 3*k**v. Suppose -6 = -5*j + 8*j. Calculate h(j).
8
Let u = 649 + -652. Let o be ((-1)/1)/((-4)/20). Let h(v) = -2 - v**2 - 1 - 1 + o. Give h(u).
-8
Suppose -5*o - v - 126 = 0, -4*v - 110 = 5*o + v. Let l = o - -26. Let b(t) be the third derivative of -t**5/60 - t**4/24 - 5*t**3/6 + t**2. What is b(l)?
-5
Let q(a) = -2*a**3 - 5 - 8*a + a**3 + 0*a**2 - 7*a**2. Let r(i) be the second derivative of i**3/3 - 27*i**2 + 30*i. Let h be r(24). Give q(h).
7
Let m(x) = -2*x + 10. Suppose -5*f + 2*f = 0. Calculate m(f).
10
Let a(k) = 5*k**3 - 2*k**2 + 3*k + 32. Let n(v) = 9*v**3 - 2*v**2 + 7*v + 63. Let f(i) = -11*a(i) + 6*n(i). Give f(11).
4
Let y be 4/2 + 9 + -13. Let t(s) = -2 + 4 + s**2 - 3. Give t(y).
3
Let i = -24 - -26. Let z(o) = 2*o + o**2 + 7 - i*o**2 + 4*o - o. Suppose 3*x - 6*x = -15. Determine z(x).
7
Suppose -9*w - 25 = -4*w. Let n(k) = k**2 - k - 1. Let u(o) = -3*o**2 + 12*o + 3. Let a(y) = 4*n(y) + u(y). What is a(w)?
-16
Let o(w) be the third derivative of w**4/24 + w**3/6 - 4*w**2. Let s = -17 + 14. Calculate o(s).
-2
Let x(u) = 24*u - 5. Let f be x(0). Let j be (-5 - 0)*(1 + -2). Let h be ((-2)/j)/(1/f). Let s(n) = n**3 - 4*n**2 + 4*n - 2. Determine s(h).
-2
Let x = 3 - -5. Let y(k) = 0*k - 260 + 503 + k - 257. Determine y(x).
-6
Suppose -5 = -3*p - 4*c - 3, -3*p + 5 = c. Let v(d) = 3 - 2*d**2 - 6*d + 5*d + 9*d**p - d**3. Give v(7).
-4
Suppose -w + 3 = 8. Let q(s) = 16*s + 1. Let j(t) = 11*t + 1. Let g(d) = -7*j(d) + 5*q(d). Calculate g(w).
-17
Let r(u) = -u**2 - 10*u - 4. Let y = -83 + 79. What is r(y)?
20
Let j(t) be the third derivative of -t**4/4 - 25*t**3/3 - 2*t**2 + 114. Give j(-9).
4
Let t be -4 - (0/(-11) + -7). Let b(n) be the first derivative of 11 + t*n - 1/2*n**2. What is b(3)?
0
Let f(c) = -c**2 - 5*c + 18. Suppose -w = -s